


{"id":548,"date":"2022-11-03T10:26:01","date_gmt":"2022-11-03T09:26:01","guid":{"rendered":"https:\/\/orcaproduction.ch\/store\/?post_type=product&#038;p=548"},"modified":"2023-09-14T10:52:35","modified_gmt":"2023-09-14T08:52:35","slug":"livre-photo-ma-vie-est-un-defi","status":"publish","type":"product","link":"https:\/\/orcaproduction.ch\/store\/produit\/livre-photo-ma-vie-est-un-defi\/","title":{"rendered":"Livre photo &#8211; Ma vie est un d\u00e9fi"},"content":{"rendered":"<p>Recevez en exclusivit\u00e9 un livre contenant les photos du tournage et les somptueux paysages travers\u00e9s par Yves durant son p\u00e9riple.<\/p>\n","protected":false},"excerpt":{"rendered":"<p>Recevez en exclusivit\u00e9 un livre contenant les photos du tournage et les somptueux paysages travers\u00e9s par Yves durant&#8230;<\/p>\n","protected":false},"featured_media":721,"template":"","meta":[],"product_brand":[],"product_cat":[56,57],"product_tag":[],"class_list":{"0":"post-548","1":"product","2":"type-product","3":"status-publish","4":"has-post-thumbnail","6":"product_cat-autres","7":"product_cat-livre","9":"first","10":"instock","11":"sale","12":"taxable","13":"shipping-taxable","14":"purchasable","15":"product-type-simple"},"_links":{"self":[{"href":"https:\/\/orcaproduction.ch\/store\/wp-json\/wp\/v2\/product\/548","targetHints":{"allow":["GET"]}}],"collection":[{"href":"https:\/\/orcaproduction.ch\/store\/wp-json\/wp\/v2\/product"}],"about":[{"href":"https:\/\/orcaproduction.ch\/store\/wp-json\/wp\/v2\/types\/product"}],"wp:featuredmedia":[{"embeddable":true,"href":"https:\/\/orcaproduction.ch\/store\/wp-json\/wp\/v2\/media\/721"}],"wp:attachment":[{"href":"https:\/\/orcaproduction.ch\/store\/wp-json\/wp\/v2\/media?parent=548"}],"wp:term":[{"taxonomy":"product_brand","embeddable":true,"href":"https:\/\/orcaproduction.ch\/store\/wp-json\/wp\/v2\/product_brand?post=548"},{"taxonomy":"product_cat","embeddable":true,"href":"https:\/\/orcaproduction.ch\/store\/wp-json\/wp\/v2\/product_cat?post=548"},{"taxonomy":"product_tag","embeddable":true,"href":"https:\/\/orcaproduction.ch\/store\/wp-json\/wp\/v2\/product_tag?post=548"}],"curies":[{"name":"wp","href":"https:\/\/api.w.org\/{rel}","templated":true}]}}